s the remainder when 36 - (-1)/(2/(-4)) is divided by d?
10
Let s = 6 + -5. Let r = 1 - s. Suppose 2*f + 4*o - 10 = -0, r = -5*o - 5. Calculate the remainder when f is divided by 5.
2
Let v = -18 + 29. Let d(y) = y**3 - 5*y**2 - y + 1. Let j = 15 + -9. Calculate the remainder when d(j) is divided by v.
9
Let v(b) be the first derivative of 2*b**3/3 - 5*b**2 + 9*b - 1. What is the remainder when v(8) is divided by 20?
17
Let y = 53 + -36. Calculate the remainder when y is divided by 9.
8
Let y be 6 - (-3 + 1 - -2). Let m(k) = 14*k**2 - 3*k. Calculate the remainder when m(2) is divided by 2*3/(y/17).
16
Let r = -27 + -15. Let f = r + 106. Calculate the remainder when f is divided by 22.
20
Let j be (-2)/(-6) - 80/6. Let b = 32 + j. Calculate the remainder when b is divided by 10.
9
Let s(y) = 63*y**3 - 3*y**2 + 3*y - 1. Suppose 5*l - 1 = 4*l. Calculate the remainder when s(l) is divided by 16.
14
Let i(t) = t**3 - t + 80. Let l = -8 - -8. What is the remainder when i(l) is divided by 27?
26
Let i(d) = 0*d + 2 + 4*d**2 + 0 + d + 0. Calculate the remainder when i(3) is divided by 11.
8
Let p = 38 - 15. Calculate the remainder when p is divided by 12.
11
Let o(f) = -f**2 + 5*f + 3. Let a be o(5). Let k be (-51)/(-9)*9/1. Suppose -k = -0*b - a*b. Calculate the remainder when b is divided by 5.
2
Let p(x) = 5*x**2 + 3*x - 5. Let w = -15 - -18. Calculate the remainder when p(w) is divided by 17.
15
Let g = -62 + 102. What is the remainder when g is divided by 15?
10
Let d(a) = a**3 + 12*a**2 + 8*a. Calculate the remainder when d(-11) is divided by ((-12)/(-3))/(1/3).
9
Suppose -14 = 5*y - 6*y. Calculate the remainder when 50 is divided by y.
8
Calculate the remainder when (-37)/((2 - 3)/1) is divided by 13.
11
Suppose z - 14 = -3*y, 0*y - 4*z - 40 = -4*y. What is the remainder when 15 is divided by y?
3
Let s(g) = g**3 - 2*g**2 - 8*g + 8. What is the remainder when s(6) is divided by 21?
20
Let h = -11 + 41. What is the remainder when h is divided by 8?
6
Let u = -2 + 55. Calculate the remainder when u is divided by 8.
5
Suppose 3*r + 24 = 5*y - 105, -4*y - 5*r + 118 = 0. Calculate the remainder when 52 is divided by y.
25
Let r be 2/(-9) - 60/(-27). Suppose -27 = -r*z - 3. Suppose 2*v - 25 = 21. What is the remainder when v is divided by z?
11
Let d = 79 - 53. What is the remainder when (3/(-12))/(1/(-404)) is divided by d?
23
Let w be 14 - 1 - -3*1. What is the remainder when 2/8 + 44/w is divided by 1?
0
Suppose 40 = 7*v - 3*v. Let m be 2/7 + 702/42. Suppose m = g - 11. What is the remainder when g is divided by v?
8
Let o(b) = 7*b**2 - 2*b - 2. Calculate the remainder when 116 is divided by o(-2).
26
Let r(f) = -34*f - 39. Calculate the remainder when r(-6) is divided by 21.
18
Let n = -5 - -244. What is the remainder when n is divided by 12?
11
Let k be -2 + (-1)/((-1)/4). Suppose 3*g = k*x - 59, -2*x + g + 29 = 4*g. Calculate the remainder when 42 is divided by x.
20
Let f be (-2)/3 - (-86)/(-6). Let s = f - -26. Calculate the remainder when s is divided by 6.
5
Suppose 5*s = -3*r + 215, -r + 71 = -2*s + 4*s. Calculate the remainder when r is divided by 13.
10
Let a be 13/4 - 2/8. Suppose -3*n - 3 = -3*s, a*n + 1 - 2 = s. Calculate the remainder when s is divided by ((-8)/(-6) - 1)*3.
0
Let l(r) = -r**3 - 5*r**2 + 7*r + 8. Let q be l(-6). Let o be 8/(-6) + q/6. What is the remainder when o - 0 - (-200)/5 is divided by 20?
19
Suppose -3*l - 55 = -8*l. Suppose 0 = -4*u - 3*c + 8*c + 26, 0 = -3*u + c + 14. What is the remainder when l is divided by u?
3
Calculate the remainder when 15/(-45) + (452/3)/2 is divided by 26.
23
Suppose -6*q - 70 = -11*q. Calculate the remainder when 26 is divided by q.
12
Let a = 163 + -149. What is the remainder when (57/9)/(1/6) is divided by a?
10
Let z = 8 - 11. Let j = z + 5. What is the remainder when 5 is divided by j?
1
Let f be (-1)/(-1) - (4 + -66). Suppose -5*r + f = -2*r. Suppose -r = -4*l + 31. Calculate the remainder when l is divided by 7.
6
Suppose -3*c = c - 64. What is the remainder when 208/7 - 10/(-35) is divided by c?
14
Suppose 1298 = 14*w - 3*w. Calculate the remainder when w is divided by 40.
38
Let a(x) = 4*x - 25. What is the remainder when a(18) is divided by (12/5)/(6/40)?
15
Suppose 74 - 26 = 3*j. Calculate the remainder when 28 is divided by j.
12
Let r(o) = -5*o**2 - 2*o - 1. Let q be r(-1). Let v(x) = 2*x**2 + 3*x - 4. Calculate the remainder when v(2) is divided by (2/q)/((-1)/12).
4
Let q = -43 + 61. Let w(m) = m**3 + 6*m**2 - 2*m - 2. Suppose -4*j - 4 - 20 = 0. What is the remainder when q is divided by w(j)?
8
Let s be 2/(-3) - (-4)/6. Suppose s*l = -2*l + 68. Suppose 2*p + 0*p - 36 = 0. Calculate the remainder when l is divided by p.
16
Suppose -4*j - l + 6 = 0, 2*j - l + 2*l = 2. What is the remainder when 6 is divided by j?
0
Suppose 0 = 5*s + 1 - 11. Let r = 6 + -4. Calculate the remainder when r is divided by s.
0
Suppose 5*f - 4 - 6 = 0. Calculate the remainder when 12 is divided by (-1 + 11 - f) + -1.
5
Let h = -4 - -12. What is the remainder when 26 is divided by 62/h - (-6)/(-8)?
5
Let u = 45 - 32. What is the remainder when u is divided by (-114)/(-21) + (-15)/35?
3
Suppose 4*f - 3 = -19. Let n = f - -7. Suppose n*u - 157 = 26. What is the remainder when u is divided by 21?
19
Suppose 0 = -4*z + 20 + 40. Let r(i) = -3*i - 13. Let w(h) = -h - 4. Let j(a) = -2*r(a) + 7*w(a). What is the remainder when z is divided by j(-10)?
7
Let f = 205 - 143. Calculate the remainder when f is divided by 21.
20
Suppose 5*l - 5*w = 3*l - 4, -4*w = -8. What is the remainder when 14 is divided by l?
2
Let v = -61 - -143. Suppose 5*z + 2*n - 193 = 4*n, 2*z = 2*n + v. What is the remainder when z is divided by 13?
11
Let u be 6/(1/(3 + 54)). Suppose -5*v + u = 7. Calculate the remainder when v is divided by 23.
21
Let x(o) = -8*o - 2. Let v be x(-1). Suppose 2*s = v + 2. What is the remainder when s is divided by 3?
1
Suppose -3*a + 9 + 36 = -4*y, 2*a + 5*y - 53 = 0. Let v = -5 + a. What is the remainder when 25 is divided by v?
11
Let t(k) = -2*k**2 - 24*k - 19. What is the remainder when t(-10) is divided by 4?
1
Suppose 1 = -4*p + 97. Calculate the remainder when 93 is divided by p.
21
Let n = 4 + -1. Let j be 1*-1*6/n. Calculate the remainder when 43 is divided by (15 - (0 - 2)) + j.
13
Let i(n) = -n**3 - 7*n**2 + 7*n. Calculate the remainder when 21 is divided by i(-8).
5
Let f(n) = n**3 + 7*n**2 - 8*n + 6. Let o be f(-8). Calculate the remainder when 183/6 - (-3)/o is divided by 8.
7
Let h be -1*2*1/(-1). Suppose 0 = -5*g - h*v + 25, 0 = -3*g + 7*g - v - 7. Calculate the remainder when g is divided by (8/(-10))/2*-5.
1
Suppose -3*q + 7*q - 164 = 0. Let f = 3 - 3. Suppose -5*h - m + 28 = -39, -3*m - 9 = f. Calculate the remainder when q is divided by h.
13
Suppose 3*i - 27 = -2*i + 4*o, i = 2*o + 9. Suppose 2*n = 9 + i. Let f = 48 - 32. Calculate the remainder when f is divided by n.
4
Let l = 11 - 1. What is the remainder when l is divided by 8/2 + 2 + -2?
2
Let k(a) = a**2 - 2*a + 8. What is the remainder when 70 is divided by k(0)?
6
What is the remainder when 36 is divided by 11 + (6 - (2 + 2))?
10
Let x = 24 - 17. Let p = x + -12. What is the remainder when 23 is divided by p/(-10) + 45/6?
7
Suppose 2*s - 31 = 3*v, -s - 4*s - 5*v = -140. Suppose 4*q = 99 - s. What is the remainder when q is divided by 11?
8
Suppose -3 - 9 = -3*r + 5*t, 5*r - t = 42. Calculate the remainder when r is divided by 6.
3
Suppose 7*o = 4*o + 24. Suppose -12 = f - 5*f. What is the remainder when o is divided by f?
2
Let x = 22 - 13. Suppose 2*c + 2*c - 56 = 0. Calculate the remainder when (x + -10)/(2/(-52)) is divided by c.
12
What is the remainder when (-2 - (-2 + 0)) + 50 is divided by 13?
11
Calculate the remainder when (-6)/5*220/(-8) is divided by 12.
9
What is the remainder when 68 is divided by (-508)/(-14) - 4/14?
32
Calculate the remainder when 168 is divided by (1 - 20)*(12/(-4) + 2).
16
Calculate the remainder when 20*(-1)/(6/(-3)) is divided by 9.
1
Let k = -98 + 156. What is the remainder when k is divided by 23 + -1 - -6*3/(-9)?
18
Let x = -49 + 71. What is the remainder when x is divided by 14?
8
Let d = 11 + -8. Suppose -d*n - 2 + 50 = 0. What is the remainder when 77 is divided by n?
13
L